{"id":8,"date":"2016-09-27T19:10:50","date_gmt":"2016-09-27T19:10:50","guid":{"rendered":"http:\/\/tehnocat.ro\/?page_id=8"},"modified":"2016-11-03T21:35:03","modified_gmt":"2016-11-03T21:35:03","slug":"motoare-industriale","status":"publish","type":"page","link":"https:\/\/tehnocat.ro\/index.php\/service\/motoare-industriale\/","title":{"rendered":"Motoare Industriale"},"content":{"rendered":"<p>Execut\u0103m repara\u021bii capitale <strong>(Top and Major Overhaul) <\/strong>pentru motoare industriale instalate pe:<\/p>\n<ul>\n<li>Instala\u021bii de foraj \u0219i instala\u021bii de interven\u021bie la sond\u0103<\/li>\n<li>Utilaje de construc\u021bii<\/li>\n<li>Utilaje agricole<\/li>\n<li>Foreze, concasoare, sta\u021bii de sortare<\/li>\n<li>Grupuri electrogene<\/li>\n<\/ul>\n<p>Repara\u021biile se pot efectua \u00een atelierul nostru sau la loca\u021bia clientului. Repara\u021biile sunt efectuate conform recomand\u0103rilor produc\u0103torului, av\u00e2nd la dispozi\u021bie documenta\u021bia tehnic\u0103 aferent\u0103.<\/p>\n<p>\u00cen func\u021bie de op\u021biunile clien\u021bilor, \u00een cadrul repara\u021biilor se pot folosi piese OE, OEM sau AM.<\/p>\n<p>Oferim garan\u021bie pentru piesele comercializate \u0219i serviciile prestate.<\/p>\n<p>Comercializ\u0103m o gam\u0103 foarte larg\u0103 de motoare industriale reutilizabile cu ore pu\u021bine de func\u021bionare sau cu repara\u021bii capitale efectuate.<\/p>\n<p>&nbsp;<\/p>\n<div>      <\/div><style type=\"text\/css\" scoped>.rbs_gallery_69e026a25c84eSpinner{\r\n\t\t\t\tmargin: 50px auto;\r\n\t\t\t\twidth: 50px;\r\n\t\t\t\theight: 40px;\r\n\t\t\t\ttext-align: center;\r\n\t\t\t\tfont-size: 10px;\r\n\t\t\t}\r\n\t\t\t.rbs_gallery_69e026a25c84eSpinner > div{\r\n\t\t\t  background-color: #333;\r\n\t\t\t  height: 100%;\r\n\t\t\t  width: 6px;\r\n\t\t\t  display: inline-block;\r\n\t\t\t  -webkit-animation: rbs_gallery_69e026a25c84e-stretchdelay 1.2s infinite ease-in-out;\r\n\t\t\t  animation: rbs_gallery_69e026a25c84e-stretchdelay 1.2s infinite ease-in-out;\r\n\t\t\t}\r\n\t\t\t.rbs_gallery_69e026a25c84eSpinner .rbs_gallery_69e026a25c84eRect2 {\r\n\t\t\t  -webkit-animation-delay: -1.1s;\r\n\t\t\t  animation-delay: -1.1s;\r\n\t\t\t}\r\n\t\t\t.rbs_gallery_69e026a25c84eSpinner .rbs_gallery_69e026a25c84eRect3 {\r\n\t\t\t  -webkit-animation-delay: -1.0s;\r\n\t\t\t  animation-delay: -1.0s;\r\n\t\t\t}\r\n\t\t\t.rbs_gallery_69e026a25c84eSpinner .rbs_gallery_69e026a25c84eRect4 {\r\n\t\t\t  -webkit-animation-delay: -0.9s;\r\n\t\t\t  animation-delay: -0.9s;\r\n\t\t\t}\r\n\t\t\t.rbs_gallery_69e026a25c84eSpinner .rbs_gallery_69e026a25c84eRect5 {\r\n\t\t\t  -webkit-animation-delay: -0.8s;\r\n\t\t\t  animation-delay: -0.8s;\r\n\t\t\t}\r\n\t\t\t@-webkit-keyframes rbs_gallery_69e026a25c84e-stretchdelay {\r\n\t\t\t  0%, 40%, 100% { -webkit-transform: scaleY(0.4) }  \r\n\t\t\t  20% { -webkit-transform: scaleY(1.0) }\r\n\t\t\t}\r\n\t\t\t@keyframes rbs_gallery_69e026a25c84e-stretchdelay {\r\n\t\t\t  0%, 40%, 100% { \r\n\t\t\t    transform: scaleY(0.4);\r\n\t\t\t    -webkit-transform: scaleY(0.4);\r\n\t\t\t  }  20% { \r\n\t\t\t    transform: scaleY(1.0);\r\n\t\t\t    -webkit-transform: scaleY(1.0);\r\n\t\t\t  }\r\n\t\t\t}\r\n\t\t<\/style><div class=\"robo-gallery-wrap robo-gallery-wrap-id117 robo-gallery-\" ><div id=\"rbs_gallery_69e026a25c84e-block-loader\" class=\"rbs_gallery_69e026a25c84eSpinner\"><div class=\"rbs_gallery_69e026a25c84eRect1\"><\/div> <div class=\"rbs_gallery_69e026a25c84eRect2\"><\/div> <div class=\"rbs_gallery_69e026a25c84eRect3\"><\/div> <div class=\"rbs_gallery_69e026a25c84eRect4\"><\/div> <div class=\"rbs_gallery_69e026a25c84eRect5\"><\/div><\/div><div class=\"rbs_gallery_button  rbs_gallery_align_left\" id=\"rbs_gallery_69e026a25c84efilter\" style=\" display: none;\" ><\/div><div id=\"robo_gallery_main_block_rbs_gallery_69e026a25c84e\" class=\"robogallery-gallery-117\" style=\"width:100%;  display: none;\"><div id=\"rbs_gallery_69e026a25c84e\" data-options=\"rbs_gallery_69e026a25c84e\" style=\"width:100%;\" class=\"robo_gallery  \"><div class=\"rbs-img  category117 \" ><div class=\"rbs-img-image   rbs-lightbox \" ><div class=\"rbs-img-thumbs\"  data-thumbnail=\"https:\/\/tehnocat.ro\/wp-content\/uploads\/2016\/11\/tehnocat-motoare-ind-4-300x200.jpg\"  title=\"tehnocat-motoare-ind-4\"  data-width=\"300\"  data-height=\"200\" ><\/div><div class=\"rbs-img-data-popup\"  data-popup=\"https:\/\/tehnocat.ro\/wp-content\/uploads\/2016\/11\/tehnocat-motoare-ind-4.jpg\"  title=\"tehnocat-motoare-ind-4\" ><\/div><div class=\"thumbnail-overlay\"><div class=\"rbsIcons\"><i class=\"fa fa-search-plus rbsZoomIcon \" ><\/i><\/div><\/div><\/div><\/div><div class=\"rbs-img  category117 \" ><div class=\"rbs-img-image   rbs-lightbox \" ><div class=\"rbs-img-thumbs\"  data-thumbnail=\"https:\/\/tehnocat.ro\/wp-content\/uploads\/2016\/11\/tehnocat-motoare-ind-3-300x200.jpg\"  title=\"tehnocat-motoare-ind-3\"  data-width=\"300\"  data-height=\"200\" ><\/div><div class=\"rbs-img-data-popup\"  data-popup=\"https:\/\/tehnocat.ro\/wp-content\/uploads\/2016\/11\/tehnocat-motoare-ind-3.jpg\"  title=\"tehnocat-motoare-ind-3\" ><\/div><div class=\"thumbnail-overlay\"><div class=\"rbsIcons\"><i class=\"fa fa-search-plus rbsZoomIcon \" ><\/i><\/div><\/div><\/div><\/div><div class=\"rbs-img  category117 \" ><div class=\"rbs-img-image   rbs-lightbox \" ><div class=\"rbs-img-thumbs\"  data-thumbnail=\"https:\/\/tehnocat.ro\/wp-content\/uploads\/2016\/11\/tehnocat-motoare-ind-2-300x200.jpg\"  title=\"tehnocat-motoare-ind-2\"  data-width=\"300\"  data-height=\"200\" ><\/div><div class=\"rbs-img-data-popup\"  data-popup=\"https:\/\/tehnocat.ro\/wp-content\/uploads\/2016\/11\/tehnocat-motoare-ind-2.jpg\"  title=\"tehnocat-motoare-ind-2\" ><\/div><div class=\"thumbnail-overlay\"><div class=\"rbsIcons\"><i class=\"fa fa-search-plus rbsZoomIcon \" ><\/i><\/div><\/div><\/div><\/div><div class=\"rbs-img  category117 \" ><div class=\"rbs-img-image   rbs-lightbox \" ><div class=\"rbs-img-thumbs\"  data-thumbnail=\"https:\/\/tehnocat.ro\/wp-content\/uploads\/2016\/11\/tehnocat-motoare-ind-1-300x200.jpg\"  title=\"tehnocat-motoare-ind-1\"  data-width=\"300\"  data-height=\"200\" ><\/div><div class=\"rbs-img-data-popup\"  data-popup=\"https:\/\/tehnocat.ro\/wp-content\/uploads\/2016\/11\/tehnocat-motoare-ind-1.jpg\"  title=\"tehnocat-motoare-ind-1\" ><\/div><div class=\"thumbnail-overlay\"><div class=\"rbsIcons\"><i class=\"fa fa-search-plus rbsZoomIcon \" ><\/i><\/div><\/div><\/div><\/div><div class=\"rbs-img  category117 \" ><div class=\"rbs-img-image   rbs-lightbox \" ><div class=\"rbs-img-thumbs\"  data-thumbnail=\"https:\/\/tehnocat.ro\/wp-content\/uploads\/2016\/11\/tehnocat-motoare-ind-6-300x200.jpg\"  title=\"tehnocat-motoare-ind-6\"  data-width=\"300\"  data-height=\"200\" ><\/div><div class=\"rbs-img-data-popup\"  data-popup=\"https:\/\/tehnocat.ro\/wp-content\/uploads\/2016\/11\/tehnocat-motoare-ind-6.jpg\"  title=\"tehnocat-motoare-ind-6\" ><\/div><div class=\"thumbnail-overlay\"><div class=\"rbsIcons\"><i class=\"fa fa-search-plus rbsZoomIcon \" ><\/i><\/div><\/div><\/div><\/div><div class=\"rbs-img  category117 \" ><div class=\"rbs-img-image   rbs-lightbox \" ><div class=\"rbs-img-thumbs\"  data-thumbnail=\"https:\/\/tehnocat.ro\/wp-content\/uploads\/2016\/11\/tehnocat-motoare-ind-5-300x200.jpg\"  title=\"tehnocat-motoare-ind-5\"  data-width=\"300\"  data-height=\"200\" ><\/div><div class=\"rbs-img-data-popup\"  data-popup=\"https:\/\/tehnocat.ro\/wp-content\/uploads\/2016\/11\/tehnocat-motoare-ind-5.jpg\"  title=\"tehnocat-motoare-ind-5\" ><\/div><div class=\"thumbnail-overlay\"><div class=\"rbsIcons\"><i class=\"fa fa-search-plus rbsZoomIcon \" ><\/i><\/div><\/div><\/div><\/div><\/div><\/div><\/div><script>var rbs_gallery_69e026a25c84e = {\"version\":\"3.1.5\",\"id\":117,\"class\":\"id117\",\"roboGalleryDelay\":1000,\"mainContainer\":\"#robo_gallery_main_block_rbs_gallery_69e026a25c84e\",\"loadingContainer\":\"#rbs_gallery_69e026a25c84e-block-loader\",\"loadingContainerObj\":\"rbs_gallery_69e026a25c84e-block-loader\",\"columnWidth\":\"auto\",\"columns\":3,\"resolutions\":[{\"columnWidth\":\"auto\",\"columns\":3,\"maxWidth\":960},{\"columnWidth\":\"auto\",\"columns\":2,\"maxWidth\":650},{\"columnWidth\":\"auto\",\"columns\":1,\"maxWidth\":450}],\"lightboxOptions\":{\"gallery\":{\"enabled\":true,\"tCounter\":\"%curr% of %total%\"}},\"overlayEffect\":\"direction-aware-fade\",\"boxesToLoadStart\":12,\"boxesToLoad\":8,\"waitUntilThumbLoads\":1,\"LoadingWord\":\"Loading...\",\"loadMoreWord\":\"Load More\",\"noMoreEntriesWord\":\"No More Entries\",\"horizontalSpaceBetweenBoxes\":15,\"verticalSpaceBetweenBoxes\":15,\"lazyLoad\":1,\"wrapContainer\":\"#robo-gallery-wrap-rbs_gallery_69e026a25c84e\",\"filterContainer\":\"#rbs_gallery_69e026a25c84efilter\",\"loadMoreClass\":\"button-border-caution \"};<\/script><div>      <\/div>\n","protected":false},"excerpt":{"rendered":"<p>Execut\u0103m repara\u021bii capitale (Top and Major Overhaul) pentru motoare industriale instalate pe: Instala\u021bii de foraj \u0219i instala\u021bii de interven\u021bie la sond\u0103 Utilaje de construc\u021bii Utilaje agricole Foreze, concasoare, sta\u021bii de sortare Grupuri electrogene Repara\u021biile se pot efectua \u00een atelierul nostru &hellip; <a href=\"https:\/\/tehnocat.ro\/index.php\/service\/motoare-industriale\/\">Continued<\/a><\/p>\n","protected":false},"author":6,"featured_media":0,"parent":4,"menu_order":0,"comment_status":"closed","ping_status":"closed","template":"page-feature-sidebar.php","meta":[],"_links":{"self":[{"href":"https:\/\/tehnocat.ro\/index.php\/wp-json\/wp\/v2\/pages\/8"}],"collection":[{"href":"https:\/\/tehnocat.ro\/index.php\/wp-json\/wp\/v2\/pages"}],"about":[{"href":"https:\/\/tehnocat.ro\/index.php\/wp-json\/wp\/v2\/types\/page"}],"author":[{"embeddable":true,"href":"https:\/\/tehnocat.ro\/index.php\/wp-json\/wp\/v2\/users\/6"}],"replies":[{"embeddable":true,"href":"https:\/\/tehnocat.ro\/index.php\/wp-json\/wp\/v2\/comments?post=8"}],"version-history":[{"count":5,"href":"https:\/\/tehnocat.ro\/index.php\/wp-json\/wp\/v2\/pages\/8\/revisions"}],"predecessor-version":[{"id":126,"href":"https:\/\/tehnocat.ro\/index.php\/wp-json\/wp\/v2\/pages\/8\/revisions\/126"}],"up":[{"embeddable":true,"href":"https:\/\/tehnocat.ro\/index.php\/wp-json\/wp\/v2\/pages\/4"}],"wp:attachment":[{"href":"https:\/\/tehnocat.ro\/index.php\/wp-json\/wp\/v2\/media?parent=8"}],"curies":[{"name":"wp","href":"https:\/\/api.w.org\/{rel}","templated":true}]}}